ns digit of 147031834?
4
What is the thousands digit of 1312212163?
2
What is the hundred thousands digit of 20782014?
7
What is the hundred millions digit of 1441657721?
4
What is the millions digit of 740876259?
0
What is the ten thousands digit of 1505839?
0
What is the hundreds digit of 70068733?
7
What is the ten millions digit of 65482044?
6
What is the thousands digit of 24881738?
1
What is the hundreds digit of 149216557?
5
What is the hundreds digit of 1538045731?
7
What is the millions digit of 33185539?
3
What is the hundred thousands digit of 3955235?
9
What is the ten millions digit of 82381898?
8
What is the hundreds digit of 601435214?
2
What is the ten thousands digit of 36193687?
9
What is the ten thousands digit of 119696762?
9
What is the millions digit of 206724723?
6
What is the units digit of 382939645?
5
What is the ten millions digit of 887260629?
8
What is the hundred millions digit of 967500867?
9
What is the hundred thousands digit of 222855419?
8
What is the units digit of 895604368?
8
What is the hundreds digit of 499817046?
0
What is the hundred thousands digit of 4893462741?
4
What is the ten thousands digit of 1173961930?
6
What is the millions digit of 52880908?
2
What is the hundreds digit of 49755333?
3
What is the hundreds digit of 46602262?
2
What is the hundreds digit of 26062302?
3
What is the thousands digit of 51437647?
7
What is the units digit of 64660022?
2
What is the hundred millions digit of 672821287?
6
What is the ten thousands digit of 198571153?
7
What is the units digit of 40364704?
4
What is the hundred thousands digit of 726150035?
1
What is the ten thousands digit of 36032444?
3
What is the thousands digit of 4463314824?
4
What is the tens digit of 1966647593?
9
What is the units digit of 629624864?
4
What is the units digit of 1558533069?
9
What is the units digit of 26666093?
3
What is the thousands digit of 1747148?
7
What is the hundred millions digit of 934317322?
9
What is the hundred thousands digit of 2650351204?
3
What is the tens digit of 1954929777?
7
What is the thousands digit of 316299189?
9
What is the tens digit of 12339174?
7
What is the billions digit of 2077484683?
2
What is the billions digit of 1568521898?
1
What is the units digit of 948258911?
1
What is the millions digit of 143467474?
3
What is the millions digit of 778828086?
8
What is the tens digit of 859806250?
5
What is the hundreds digit of 14499015?
0
What is the ten millions digit of 79209262?
7
What is the hundred thousands digit of 8808228?
8
What is the ten millions digit of 253747798?
5
What is the billions digit of 8551416549?
8
What is the ten thousands digit of 458914637?
1
What is the thousands digit of 2213084?
3
What is the tens digit of 866008035?
3
What is the tens digit of 19113400?
0
What is the thousands digit of 42292890?
2
What is the hundred thousands digit of 36056176?
0
What is the units digit of 319080790?
0
What is the thousands digit of 45058730?
8
What is the ten millions digit of 154956178?
5
What is the ten thousands digit of 39270133?
7
What is the ten thousands digit of 528271669?
7
What is the tens digit of 28098023?
2
What is the ten millions digit of 1228654235?
2
What is the tens digit of 92665322?
2
What is the hundred thousands digit of 174143870?
1
What is the hundreds digit of 98590401?
4
What is the hundreds digit of 5434952?
9
What is the ten thousands digit of 876561546?
6
What is the millions digit of 7185500757?
5
What is the hundred millions digit of 410983818?
4
What is the units digit of 812953422?
2
What is the millions digit of 35990931?
5
What is the millions digit of 49804211?
9
What is the thousands digit of 14646851?
6
What is the tens digit of 89735928?
2
What is the hundreds digit of 4495671?
6
What is the hundred millions digit of 722013209?
7
What is the millions digit of 1724716272?
4
What is the hundred millions digit of 235017495?
2
What is the hundreds digit of 396602?
6
What is the units digit of 214001803?
3
What is the units digit of 94185173?
3
What is the ten millions digit of 3681013960?
8
What is the hundred millions digit of 1926581565?
9
What is the hundred millions digit of 1997873225?
9
What is the tens digit of 673017989?
8
What is the tens digit of 3082846?
4
What is the thousands digit of 9861809?
1
What is the hundreds digit of 738422564?
5
What is the hundreds digit of 474004339?
3
What is the millions digit of 233172451?
3
What is the hundred thousands digit of 1467058755?
0
What is the tens digit of 50857614?
1
What is the ten millions digit of 2008518155?
0
What is the hundred thousands digit of 115254376?
2
What is the ten thousands digit of 54389073?
8
What is the units digit of 1191121561?
1
What is the hundreds digit of 2551429882?
8
What is the hundred millions digit of 627006923?
6
What is the tens digit of 1752589?
8
What is the millions digit of 1781649675?
1
What is the units digit of 37532811?
1
What is the hundred millions digit of 359012563?
3
What is the ten thousands digit of 3236290124?
9
What is the tens digit of 106553402?
0
What is the hundreds digit of 610228055?
0
What is the ten millions digit of 674676243?
7
What is the ten millions digit of 109418036?
0
What is the units digit of 735593162?
2
What is the ten millions digit of 2672900673?
7
What is the thousands digit of 41654799?
4
What is the millions digit of 31943090?
1
What is the units digit of 3788802760?
0
What is the ten thousands digit of 28898371?
9
What is the hundreds digit of 95313848?
8
What is the ten thousands digit of 7873879824?
7
What is the ten thousands digit of 682094777?
9
What is the ten thousands digit of 700634519?
3
What is the thousands digit of 36545240?
5
What is the thousands digit of 31737156?
7
What is the hundreds digit of 3575000450?
4
What is the ten thousands digit of 1685854396?
5
What is the hundred millions digit of 989769050?
9
What is the thousands digit of 37496243?
6
What is the tens digit of 368634721?
2
What is the hundred thousands digit of 100349487?
3
What is the ten millions digit of 37918837?
3
What is the millions digit of 98433648?
8
What is the millions digit of 3079418223?
9
What is the hundreds digit of 423866520?
5
What is the hundred millions digit of 1994063519?
9
What is the hundred millions digit of 4572444902?
5
What is the millions digit of 175266458?
5
What is the units digit of 513115931?
1
What is the units digit of 40417527?
7
What is the ten thousands digit of 126219661?
1
What is the hundreds digit of 462620334?
3
What is the millions digit of 1389932470?
9
What is the hundred thousands digit of 41746782?
7
What is the tens digit of 24233738?
3
What is the hundred thousands digit of 124073922?
0
What is the ten thousands digit of 1815470648?
7
What is the ten thousands digit of 796831188?
3
What is the ten millions digit of 250844377?
5
What is the units digit of 130520508?
8
What is the hundred millions digit of 355892290?
3
What is the tens digit of 648913512?
1
What is the thousands digit of 92777458?
7
What is the ten thousands digit of 40341584?
4
What is the millions digit of 770142752?
0
What is the units digit of 6084166297?
7
What is the ten thousands digit of 310677699?
7
What is the millions digit of 82561869?
2
What is the hundred thousands digit of 870541576?
5
What is the ten millions digit of 24568438?
2
What is the billions digit of 4771747383?
4
What is the ten millions digit of 56853049?
5
What is the hundred thousands digit of 3053238119?
2
What is the hundred thousands digit of 518844020?
8
What is the tens digit of 2172478806?
0
What is the units digit of 157726957?
7
What is the units digit of 493599860?
0
What is the tens digit of 2809247248?
4
What is the hundreds digit of 3109661?
6
What is the thousands digit of 284180086?
0
What is the units digit of 3204043?
3
What is the ten millions digit of 645233054?
4
What is the thousands digit of 240219061?
9
What is the thousands digit of 46519842?
9
What is the thousands digit of 191950116?
0
What is the hundred thousands digit of 61187978?
1
What is the ten thousands digit of 8215310?
1
What is the hundred thousands digit of 1438644223?
6
What is the ten thousands digit of 969371616?
7
What is the millions digit of 8